(2 - 2 - 11) - 12?
71
Calculate -29 + (-6 + 0 + 8 - (-15 + (23 - 3))).
-32
Calculate (-203 - -132) + (200 - 19).
110
Evaluate (39 - (-1 - -29)) + -26 + -1 + -5.
-21
What is the value of 54 - (1 + (-11 - (25 + -17 - 4)))?
68
(81 - 70) + (44 - 161)
-106
Evaluate -1 + 2 + 178 + (-143 - 51).
-15
What is -40 + (143 - 264) + 207?
46
What is the value of -2 + -5 + -25 + 38 - (-1 + (-15 - -19))?
3
33 - (-1 + 18 + -102 + 80 + -8)
46
What is the value of (0 - 3 - -14) + (-24 - (13 + 7 + -46))?
13
Calculate 54 + (-17 - (-4 + (-20 - -11) + 10)).
40
What is the value of (0 - -129 - (13 + -6)) + (10 + 6 - 4)?
134
Calculate -2 + -4 + 33 + -19 - (-2 - (6 + -61)).
-45
What is the value of 20 + -66 + (30 - (17 - -5))?
-38
Calculate -15 - (700 - 695 - (1 - -31)).
12
What is the value of 0 - 1 - (-14 - -11) - (244 + -255)?
13
-1 + 196 + -202 + -13 + 1 + -9
-28
Calculate 3 + -67 + 21 - 2.
-45
6 + -4 + 20 + -13 + (7 - 4 - 38)
-26
4 - (43 - (23 + (-24 - -9) - -12))
-19
-54 - -1 - ((-63 - 80) + 148)
-58
What is the value of -395 - -321 - (14 + (-6 - -7) + 0)?
-89
Evaluate -5 - -36 - 49 - -36 - (4 - (0 - 1)).
13
Calculate -4 + 3 + 10 + -23 + (-32 + 14 - -4).
-28
Calculate -161 - ((-75 - 15) + 16).
-87
13 + (-3 - 21) - -109 - (-15 + -9)
122
Calculate 117 + (-121 - -75) - 9.
62
What is the value of (-14 - (10 - (-33 + 22))) + (9 - -1)?
-25
What is the value of (6 - -25) + -2 + (-22 - -37) + -24?
20
What is the value of 13 + (-24 - 0) - ((-11 - -3) + 39)?
-42
Evaluate -1 + (-90 - (-23 + -49)).
-19
What is the value of 68 + ((-38 - (18 - 36)) + 15 - -8)?
71
Evaluate (-17 - (7 + -2)) + (-37 + -2 - -7).
-54
(24 - (-1 - -23)) + -9 + 1 + -23
-29
Calculate 11 + -4 + 19 + 16.
42
What is -41 + -4 + 49 + 3?
7
(-40 - (-195 - 3)) + 18 + -55
121
What is the value of (-57 - (-99 - 17)) + -28?
31
Calculate -75 + (33 + 1 - 61).
-102
Evaluate 0 - (2 - 26) - (62 - -21 - 72).
13
What is the value of 1 + -61 + 34 + 62 + -79 + -2?
-45
What is the value of -13 + (-39 - -39) + 3 + 13?
3
8 - (-1 + 2 + 2 + (9 + 104 - 183))
75
What is (10 + -3 + -10 - (12 - -1)) + 58?
42
Evaluate -1024 - -1005 - (-2 + 24).
-41
What is 42 - ((-1 + -3 - -16 - 2) + 341 + -342)?
33
-25 + 2 + 115 - 19 - 22
51
Evaluate -7 - ((1 - -10 - 11) + -3) - -21.
17
-3 + 21 - (53 - (-148 + 297))
114
What is -3 + (-1 + -61 - 3) + (-138 + 72 - -54)?
-80
0 + -21 + (51 - 18) + 8
20
What is (9 - -19) + -21 + -44?
-37
(-84 - 3) + 155 + -89
-21
Evaluate -76 + 79 + 15 + -15.
3
(-23 - -2) + (-549 - -510)
-60
What is the value of 12 - (-14 - (-14 + 68)) - 25?
55
Calculate 42 + (-72 - 53) + 76.
-7
What is -33 - (12 - 52) - (6 - 47)?
48
Calculate 16 - ((-10 - (-3 - 22)) + 3).
-2
Evaluate 64 + (6 - 3) - (-4 - (5 + -3) - 0).
73
Calculate 93 + 15 - (-61 - -111).
58
What is the value of -10 + 43 + -9 + -5 + (26 - (-15 + 30))?
30
Evaluate (15 - (13 + -22) - 17) + -12 + (107 - 0).
102
What is -29 + 4 + 28 - 27 - (-14 - -2)?
-12
-95 + (-18 - -14) + (-17 - (5 + -13) - -16)
-92
What is the value of 29 + -51 + 58 - 30?
6
Evaluate (2 - -22 - (-141 + 53)) + (31 - 22).
121
What is 47 + 4 - 30 - (5 - -27)?
-11
What is -4 + -6 + (-81 - -78) + (2 - -5) + -38?
-44
What is the value of (3 - (259 - 291)) + -6 + -1?
28
What is 11 + (43 + -39 - (8 - -6 - 2)) + -15?
-12
What is the value of -48 + 70 + -59 - (48 - -2)?
-87
What is (7 - (-32 - (3 - 7)) - -15) + 2?
52
What is the value of -69 + 31 + 49 + -17?
-6
Calculate (-38 - 73 - -115) + (4 - 2).
6
Evaluate (43 - 5 - -117) + -104.
51
Calculate -18 + -41 + 13 + 56.
10
What is the value of -9 + -1 - (5 - (16 + -13 - 0 - -5))?
-7
What is the value of (0 - -160) + (5062 - 5175)?
47
Evaluate -38 + (15 - 0 - (-96 - -96)).
-23
What is the value of (44 + -4 - 16) + -6 + 4?
22
Calculate -2 + (1 - 3) + (16 - (13 - 1)) - 47.
-47
Calculate (2 - 3) + 1 + -7 + (4352 - 4354).
-9
(70 - 4) + -11 - (1 + -19 + 23)
50
What is 84 + -20 - 66 - (-1 + 21)?
-22
(-14 - 13 - -44 - 14) + (1 - -27)
31
6 + (5 - (-24 - (-67 + 28)))
-4
Calculate -104 + 46 - (171 - 146).
-83
What is the value of 20 + (5 + -2 - (9 + -22 + -5))?
41
What is the value of ((12 - (10 + -15)) + -20 - (39 + 1)) + -9?
-52
Calculate -16 - -15 - (50 + (-10 - 1 - -7)).
-47
-95 - -212 - 81 - 30
6
Calculate -342 + 246 - (-4 - (1 + 25)).
-66
(28 - (-21 + -7 + 65)) + (-1 + 1 - -3)
-6
-5 + -1 - (-19 + -21 - -29)
5
Evaluate 17 - (-19 + (25 - -17)) - (-19 - -10).
3
Evaluate 2 + -57 + (-17 - (-24 - (25 - 24))).
-47
Calculate -7 + 11 - (76 - (7 + (1 - -4)) - 1).
-59
118 + -114 - (-11 - -1)
14
Calculate -6 - (-11 - (10 - -11 - 60)).
-34
Calculate 40 - -5 - (-48 + 60 + (-14 - 2)).
49
(-11 + 0 - -5) + 11 + 6 + -17 + 75
69
What is the value of 50 - (-76 - (146 + -292))?
-20
What is -60 + (-3 + 2 - ((19 - -5) + -18)) - -4?
-63
Evaluate (-56 - (3 - -3) - -7) + 7 - -9.
-39
What is 11 + 22 + (-25 - -57) + -30?
35
What is 6 + (5 - 58) + (-46 + -36 - -63)?
-66
Calculate 93 + -65 + 9 + 11.
48
Calculate (22 - 8) + ((-1 - 91) + 11 - -16).
-51
Calculate -37 + (6 + 5 - (8 - (-7 + 8))).
-33
What is (0 + -2 - -44) + (-128 - -31 - -93)?
38
33 + -97 + -18 + 19
-63
Calculate (2 - (6 + 0) - -2) + 34 + (-5 - 0).
27
What is 0 - -5 - (1 - 26 - (48 - (17 + 27)))?
34
Calculate -311 + 300 + 35 + 1 + -7 - 53.
-35
What is 37 + -13 + (-83 - -91)?
32
Calculate -11 + 34 + 4 + (-11 - 1).
15
Evaluate -40 - (-11 - -87 - 142).
26
Evaluate -29 + (-145 - -103) + 42.
-29
Evaluate -16 - (22 - (22 + (-1 - 40) + 44)).
-13
0 - -38 - (9 - (8 - (-15 - -7)))
45
Calculate (24 - 111) + 73 - (39 + 5).
-58
Calculate -75 + (105 - 54) - -58.
34
Evaluate -8 + (-4 + 9 - -1) + 9 + -5.
2
6 + -58 - (-3 + (3 - 12))
-40
Calculate -48 - (-1 + 0) - (-5352 - -5338).
-33
Calculate -72 + (-3 + (-10 - 0) - (10 + -35 - -24)).
-84
What is ((-12 - -11) + 27 - 9) + -2 + -102?
-87
372 + -135 + -1 - 129
107
What is (76 - (-82 - -83)) + (-1 - -1)?
75
What is -1467 - -1355 - (3 - 117)?
2
Calculate 82 - (415 + -380 + -2 + -74).
123
42 - (72 + -21 + -22)
13
What is (13 - (148 - 95)) + 0 + -21?
-61
What is (-2 + 37 - 25) + 5 + 40 + (3 - -1)?
59
What is -2 + 6 + 7 + 37 + 24 + -13 + 4?
63
Evaluate (17 + 41 - (-2 - -17)) + -22.
21
(-969 - -974) + (-48 + -3 + 6 - -1)
-39
What is the value of 2 - -24 - 5 - (-47 + 0 + -8)?
76
Evaluate 92 + (70 - 115) + -34.
13
What is the value of (24 - 2) + (5 - 32 - -14)?
9
Evaluate (3 - 43) + (-50 + 28 - -18).
-44
Calculate -16 - ((-74 - -36) + 48 + 29).
-55
Calculate -14 - (7 - ((3 - -1) + 31 + -13)).
1
What is the value of (-21 - (2 - 2)) + -916 + 967?
30
Calculate 7 + -27 + 31 + -23 + -51 + -12.
-75
Evaluate -49 + (-49 - (36 - 71) - (1 - 20)).
-44
Evaluate -14 + 65 - 114 - -69.
6
Calculate -6150 + 6072 - (-22 - -1).
-57
Evaluate 0 + -2 - ((-1 - (-10 - 4)) + -64).
49
-18 + (6 - (17 + -13 + (14 - (4 - -1))))
-25
Calculate (-1 - -86) + (-21874 - -21917).
128
Evaluate -5 - (-14 - (-5 - (11 + (3 - 48)))).
38
Calculate 42 - (214 + -231 + 1 + 2).
56
What is the value of (-36 - (-29 - (9 + -9))) + 43?
36
What is the value of (-689 - -686) + 6 + -3 + -19?
-19
Evaluate 34 - (-8 + 20 + (134 - 19)).
-93
What is the value of 6 - (2 + -13 + 2 + 58 + -4)?
-39
Calculate -4 + 1 + 0 + 960 + -967 + 4.
-6
What is (18 - 1) + (-51 - -30) + 47?
43
9 + (-3 - (0 + -5 + -9 + 9)) - -2
13
Evaluate 25 + 35 + -83 + -14.
-37
Calculate 33 - (36 + -34 - -27).
4
What is the value of (7 - -5) + -7 + 2 + -92 - 7?
-92
Evaluate (-2 - -5) + -3 - (32 + (0 - 0)).
-32
4 + (90 - -3) - ((-28 - (10 + -14)) + 18)
103
What is -1 - (37 + -117 - (11 + -2 - 14))?
74
What is (1 - -20) + 2 - (-5 + (55 - 24))?
-3
What is the value of 221 + -283 - (4 + -68)?
2
(4 - 85) + -6 + 3 + 0 + -2
-86
What is -18 - (-6 - (29 + -39)) - 10?
-32
Calculate -1 + 12 + (35 - 22) + -29 + (10 - 5).
0
Evaluate -15 - ((40 - (23 - 14)) + 2).
-48
Calculate 26 - (-9 - (-15 - 21)) - -70.
69
555 - 507 - (97 + -4)
-45
Calculate (-104 - -218 - 18) + -63.
33
Calculate 1 + -5 + -6 + (-4 - -3) + (78 - 69).
-2
(33 + -114 - -85) + (-2 - (-7 - 1))
10
What is the value of 5 + 7 + 4 + (100 - 86) + -61 + -1?
-32
4 - (-2 - (-4 - 3)) - (-214 + 244)
-31
What is the value of 95 - (-70 + 118) - (0 + -1)?
48
Evaluate (-2 - 30) + (-94 - -45) + 61.
-20
-12 + -1 + 57 + -115 + 61
-10
Calculate -82 - (17 - 48) - -65.
14
What is the value of 85 + -29 + -24 + -35?
-3
83 + 12 + -23 + -14 + -2 + 2
58
(-6 + -3 - 28) + (-34